 + 8*i + 3*b - 389 = 0. What are the prime factors of i?
79
Let x = 54 + -5. Let p = x + -45. Suppose 2*r + 409 = 4*y - 353, 0 = -2*y - p*r + 396. List the prime factors of y.
2, 3
Let n(r) be the second derivative of 69*r**5/20 - r**4/6 - r**3/6 + r**2 - 16*r. Let u be n(1). Suppose t - 17 = u. What are the prime factors of t?
5, 17
Let x(o) = 0*o**2 + 35 + 0*o + 2*o**2 + 27*o. Suppose -24*p + 12*p - 24*p - 612 = 0. What are the prime factors of x(p)?
2, 7, 11
Let k(l) = -l**3 - 9*l**2 + 5*l - 18. Let j be k(-10). Let r = j - 29. What are the prime factors of 2/(-2)*(-72 - r/3)?
73
Suppose 4*f - 15742 = 2*h, -20*f - h + 3940 = -19*f. What are the prime factors of f?
31, 127
Suppose 16746 = -4*l - 2*y, 0 = -0*l - 2*l + 4*y - 8358. What are the prime factors of ((l/20)/(-9))/((-3)/(-72))?
2, 3, 31
Let g(d) = d**2 - d. Let f be g(-2). Let y = f + -110. Let k = y - -147. List the prime factors of k.
43
Let h(p) = 4*p**2 + 34*p - 24. Let n(w) = 9*w**2 + 68*w - 48. Let g(z) = -7*h(z) + 3*n(z). What are the prime factors of g(-22)?
2, 3
Let l(z) = -71*z + 89. Let x(v) = 72*v - 93. Let s(c) = -5*l(c) - 6*x(c). List the prime factors of s(-8).
3
Suppose 0 = 3*c - 6*b - 3576, -459 = -c + 3*b + 737. What are the prime factors of c?
2, 37
Let u(a) = -6*a**3 - 19*a**2 + 185*a + 60. What are the prime factors of u(-20)?
2, 5, 919
Let z(l) be the second derivative of -l**5/10 - 3*l**4/4 - l**3 - 4*l**2 - l + 9. What are the prime factors of z(-6)?
2, 17
Suppose -3202 + 732 = -19*j. List the prime factors of 697 + ((-26)/j - 21/(-5)).
701
Let b(a) = -3*a**3 - 66*a**2 - 6*a - 24. Let v be b(-22). Suppose c = 3*o + 410 + v, -5*o = -5*c + 2640. What are the prime factors of c?
13, 41
Suppose z + 4 = -0*z, -4*r + 3*z + 6084 = 0. List the prime factors of r.
2, 3, 11, 23
Let n = 566 - -2154. What are the prime factors of n?
2, 5, 17
Let j(m) = 366*m + 18. Let w(t) = 4*t - 9. Let f be w(4). Let x be j(f). Suppose 8*y - 23*y + x = 0. What are the prime factors of y?
2, 43
Suppose -5*j = -4*b - 37, -5*b = 4*j + 73 - 78. Suppose n = j*t + 1338, -4*n - 2*t + 471 = -4881. List the prime factors of n.
2, 3, 223
Let w(j) = -1177*j**3 + j + 2. Let v be w(-1). Suppose 4*y + 3*i - 1183 = 0, 0 = 3*y + y + 2*i - v. List the prime factors of y.
2, 73
Let n(x) = -x**2 + 4. Let c be n(0). Suppose -3*g - 64 = -82. Let s = c + g. What are the prime factors of s?
2, 5
Let w be (3 + 19 - -2)*(-3 + 4). Suppose -w*t + 12 = -27*t. Let a(q) = -2*q**3 - 5*q**2 - q + 5. What are the prime factors of a(t)?
3, 19
What are the prime factors of (-6)/33 + (-6001164)/(-143) + 1 + 6?
3, 17, 823
Let m be 511/(-1) + 0/(1 - -11). Let g = m - -839. What are the prime factors of g?
2, 41
Let g = 3852 + -324. List the prime factors of g.
2, 3, 7
Let x = 178938 + -115170. What are the prime factors of x?
2, 3, 2657
Let m = -2 + -1. Let f(l) be the first derivative of -9*l**2/2 + 6*l - 1. What are the prime factors of f(m)?
3, 11
Let f(s) be the second derivative of -s**5/4 - s**4/3 + 22*s**3/3 + 8*s**2 - 242*s. What are the prime factors of f(-7)?
3, 409
Let a(y) = -321*y + 78. Let z be a(-2). Suppose 24*u - 28*u = -z. What are the prime factors of u?
2, 3, 5
Suppose -29*r = -3*r - 93017 - 380469. List the prime factors of r.
18211
Let x(k) = -4*k**2 + 19*k + 20. Let g(f) = -4*f**2 + 21*f + 21. Let i(a) = 5*g(a) - 6*x(a). Let m be (1 - 3/(-6))*4. List the prime factors of i(m).
3, 5
Suppose 2*c + 6*c = 0. Suppose 2*r - 3 - 10 = -b, -2*r - 4*b - 2 = c. List the prime factors of ((-35)/(-126) - (-2)/r)*142.
71
Let z(q) = 10332*q + 212. What are the prime factors of z(4)?
2, 5, 31, 67
Let o = 67 - 67. Suppose o = -16*y + 9*y + 1274. List the prime factors of y.
2, 7, 13
Let t(r) = -8*r**3 - 36*r**2 - 38*r - 607. List the prime factors of t(-15).
13, 1451
Suppose 10*i = -208 + 238. Suppose 4382 = i*t - 4*f, -10*t = -8*t + 2*f - 2940. List the prime factors of t.
2, 733
Let l(k) = 3*k**2 - k - 1. Let p be l(-2). Suppose p*s = -0*s + 1521. What are the prime factors of s?
3, 13
Let t be 20/(-35) - (-3 + (-24124)/28). Let o = -547 + t. What are the prime factors of o?
317
Let c(x) = 5675*x**2 + 10*x + 2. What are the prime factors of c(-1)?
3, 1889
Let a(o) = 29*o**2 + 3*o + 8. Let s be a(-4). Suppose -v - s = -4*q, 0 = 4*q - 4*v - 427 - 21. List the prime factors of q.
2, 29
Let a = -42949 - -101236. What are the prime factors of a?
3, 19429
Let g(u) = u**2 + 6*u + 11. Let a be g(-5). Suppose a*y - 2*y = -2*l + 248, -5*y + 25 = 0. What are the prime factors of l?
2, 3, 19
Suppose 0 = 5*q - 2*b - 2544 - 352, -3*q - 3*b = -1746. Suppose -m = 4*m. Suppose m = -25*u + 20*u + q. List the prime factors of u.
2, 29
Suppose -5*b = -5*i + 22873 + 111722, -5*i - b = -134595. Suppose -12*c = 15*c - i. List the prime factors of c.
997
Suppose -84244 - 122324 = -50*s - 22*s. What are the prime factors of s?
19, 151
Let n(c) = -10*c**3 - c**2 - 2. Let u be n(-1). Suppose o - 6 + u = 0, -4*i = o - 2583. What are the prime factors of i?
2, 17, 19
Let h be (-144)/32*4/(-18). What are the prime factors of (35 - h)/(51/1326)?
2, 13, 17
Suppose 4*p = 5*d - 223754, -4*p - 134248 = -3*d - 6*p. List the prime factors of d.
2, 5, 179
Let h be (-2 - 324/(-33)) + (-72)/(-396). What are the prime factors of (-190)/(-133) + h/14?
2
Suppose -w - 2*h + 5 = 0, 3*h = 3*w - 2*h - 59. Let v(z) = z**2 - 13*z - 35. Let j be v(w). List the prime factors of (-10)/j - (-36)/21.
2
Let z = -77 + 111. Let x = 111 - z. Suppose i + x = 8*i. List the prime factors of i.
11
Let p(f) = -30*f - 1. Let a(u) = 4 - 15 + 8*u - 12*u. Let n be a(-2). List the prime factors of p(n).
89
Let g be 218/545 - 1356/(-10). Let k = -231 - -140. Let c = k + g. What are the prime factors of c?
3, 5
Let y(l) = l**2 - 2*l - 13. Let x = -32 + 37. Let f be y(x). List the prime factors of (f/4)/(2/288).
2, 3
Let b = 39 - 41. Let c be (-3)/(-6)*b - -6. Suppose -a + 102 = c*a. What are the prime factors of a?
17
Let a be 1 + 8/(-6) - (-248)/(-12). Let u be 663/a - (1 + 4/(-7)). Let c = u + 109. List the prime factors of c.
7, 11
Let o be 1 - (0 - (-545)/(-5)). Suppose 20 = -3*h + o. What are the prime factors of (36/(-30))/((-1)/h)?
2, 3
Let f = 4194 - -1894. What are the prime factors of f?
2, 761
Suppose -37400 = -5*k - 15*k. List the prime factors of k.
2, 5, 11, 17
Let r(y) = y**3 - y**2 + y - 1. Let b(i) = 16*i**3 + 10*i**2 - 9*i - 3. Let x(t) = -b(t) - 4*r(t). What are the prime factors of x(-3)?
2, 239
Let z be (-2)/6*(-24 + -3)*133. Suppose -n + 279 - 42 = -w, n = -5*w - z. Let f = w + 379. List the prime factors of f.
2, 5, 7
Let t(d) = -121*d - 2294. Let r be t(-19). Suppose 15 = -2*b + 7*b. Suppose b*s = c - 0*c - 108, -521 = -r*c - 4*s. What are the prime factors of c?
3, 5, 7
List the prime factors of (12 + -123)/((-6)/3 + 1).
3, 37
What are the prime factors of -7 - (-46276 + (4/10)/(40/(-100)))?
2, 5, 7, 661
Let o = 82 - 56. Suppose 255*q = 206*q + 196. Suppose s - 6 = 3*s - 2*x, 0 = 3*s + q*x - o. What are the prime factors of s?
2
Let t(x) = 118*x**3 - 4*x**2 + 2*x + 2. Suppose -r - 4 = -4*r + 2*n, -5*r + 11 = n. List the prime factors of t(r).
2, 467
Let m be (6 + -1)/(63/9 + -6). Suppose 3*x - 2278 = m*b, 3*b = x + 2*b - 762. What are the prime factors of x?
2, 383
Let u(h) = -h**3 - h**2 - 2*h + 9. Suppose -10 = -y - 0*y. Suppose 10 = -5*q - y. What are the prime factors of u(q)?
5, 13
Let n = -39 - -42. Suppose 546 = n*p + 3*b, -p - 3*b + 122 + 58 = 0. Let r = p + -127. What are the prime factors of r?
2, 7
Let d = -263 + 244. Let y = 386 + d. What are the prime factors of y?
367
Let g(x) = x**3 + 6*x**2 - 2*x - 7. Let r be g(-6). Let p(u) = 6*u - 13. Let w be p(r). Suppose -2*a - w = -235. List the prime factors of a.
109
Suppose 0*i = -2*i. Let n be i + (222 - 3) + 0. Let l = n - 151. What are the prime factors of l?
2, 17
Let z(l) = 2*l - 17. Let u be z(8). Let t be ((-30)/20)/(u/(-12)). List the prime factors of (-996)/t + 2/(-6).
5, 11
Let z = -27 + 30. Let a be 2 - (-7 + z) - 2. List the prime factors of 14049/231 + a/22.
61
What are the prime factors of (11 - (-4598 + 0)) + 2*2?
7, 659
Let m be (264 + -10)*(-5)/2. Let k be m/3 + (-2)/(-3). Let f = 310 + k. List the prime factors of f.
3, 11
Suppose -80 = 10*j - 18*j. Let v be j/45 + 1*75/27. Supp